 3, 11, 23, 47, 257
What are the prime factors of 43632?
2, 3, 101
List the prime factors of 882841.
101, 8741
List the prime factors of 6095680.
2, 5, 43, 443
What are the prime factors of 8413023?
3, 37, 75793
What are the prime factors of 5182921?
31, 167191
List the prime factors of 2533140.
2, 3, 5, 4691
What are the prime factors of 1349205?
3, 5, 11, 13, 17, 37
List the prime factors of 4760166.
2, 3, 311, 2551
What are the prime factors of 821718?
2, 3, 15217
List the prime factors of 2087683.
13, 160591
What are the prime factors of 7764263?
13, 61, 9791
What are the prime factors of 21192438?
2, 3, 17, 207769
List the prime factors of 1360506.
2, 3, 7, 29, 1117
List the prime factors of 2523433.
11, 229403
What are the prime factors of 738808?
2, 7, 79, 167
List the prime factors of 9287997.
3, 3095999
List the prime factors of 121570.
2, 5, 12157
List the prime factors of 29161556.
2, 7290389
List the prime factors of 42312.
2, 3, 41, 43
List the prime factors of 27625952.
2, 17, 43, 1181
What are the prime factors of 545330?
2, 5, 23, 2371
List the prime factors of 2827379.
43, 47, 1399
What are the prime factors of 29445323?
29445323
What are the prime factors of 2497406?
2, 1248703
List the prime factors of 864093.
3, 17, 16943
What are the prime factors of 33427164?
2, 3, 2785597
List the prime factors of 18873051.
3, 181, 34757
List the prime factors of 2555652.
2, 3, 11, 19, 1019
List the prime factors of 144490.
2, 5, 14449
List the prime factors of 6108186.
2, 3, 7, 145433
List the prime factors of 90417.
3, 30139
What are the prime factors of 4239560?
2, 5, 13, 31, 263
What are the prime factors of 7687187?
991, 7757
List the prime factors of 50882.
2, 13, 19, 103
What are the prime factors of 1774566?
2, 3, 311, 317
What are the prime factors of 14654897?
71, 206407
What are the prime factors of 832842?
2, 3, 53, 97
What are the prime factors of 6163322?
2, 11, 433, 647
List the prime factors of 14814138.
2, 3, 1009, 2447
List the prime factors of 654760.
2, 5, 16369
List the prime factors of 213045.
3, 5, 7, 2029
List the prime factors of 2261875.
5, 7, 11, 47
List the prime factors of 1323632.
2, 82727
List the prime factors of 4973138.
2, 281, 8849
What are the prime factors of 6829775?
5, 257, 1063
List the prime factors of 34838188.
2, 7, 11, 113111
What are the prime factors of 41399092?
2, 7, 101, 14639
What are the prime factors of 401626?
2, 23, 8731
List the prime factors of 609091.
7, 87013
What are the prime factors of 67056?
2, 3, 11, 127
List the prime factors of 316722.
2, 3, 7, 7541
What are the prime factors of 224638?
2, 17, 6607
What are the prime factors of 662697?
3, 7, 67, 157
What are the prime factors of 11060192?
2, 11, 13, 2417
What are the prime factors of 327948?
2, 3, 27329
List the prime factors of 335196.
2, 3, 9311
List the prime factors of 599970.
2, 3, 5, 7, 2857
List the prime factors of 9447022.
2, 13, 127, 2861
What are the prime factors of 937471?
31, 30241
List the prime factors of 1132388.
2, 283097
What are the prime factors of 204719?
204719
List the prime factors of 502627.
43, 11689
List the prime factors of 3965951.
11, 360541
What are the prime factors of 1822641?
3, 43, 71, 199
List the prime factors of 22783927.
17, 61, 127, 173
What are the prime factors of 1346824?
2, 168353
What are the prime factors of 7340011?
7, 1048573
List the prime factors of 672903.
3, 7, 11, 971
List the prime factors of 28689752.
2, 7, 13, 39409
List the prime factors of 22433208.
2, 3, 7, 67, 1993
What are the prime factors of 2457681?
3, 409, 2003
List the prime factors of 302811.
3, 100937
List the prime factors of 2022265.
5, 7, 19, 3041
List the prime factors of 4714223.
19, 248117
What are the prime factors of 181057?
331, 547
List the prime factors of 8938.
2, 41, 109
What are the prime factors of 472760?
2, 5, 53, 223
List the prime factors of 2392404.
2, 3, 7, 19, 1499
What are the prime factors of 8417719?
8417719
What are the prime factors of 422861?
422861
List the prime factors of 742616.
2, 7, 89, 149
What are the prime factors of 6171403?
7, 29, 43, 101
What are the prime factors of 134215?
5, 17, 1579
List the prime factors of 14432441.
281, 51361
List the prime factors of 55031.
113, 487
List the prime factors of 635488.
2, 7, 2837
What are the prime factors of 5295389?
11, 31, 53, 293
What are the prime factors of 11565241?
151, 191, 401
List the prime factors of 515904.
2, 3, 2687
What are the prime factors of 1141611?
3, 443, 859
What are the prime factors of 120207?
3, 17, 2357
List the prime factors of 1080055.
5, 19, 11369
List the prime factors of 1531529.
1109, 1381
What are the prime factors of 25408668?
2, 3, 2117389
List the prime factors of 14776771.
53, 278807
What are the prime factors of 5486848?
2, 21433
List the prime factors of 1183778.
2, 17, 37, 941
List the prime factors of 2323079.
11, 73, 263
What are the prime factors of 427288?
2, 53411
What are the prime factors of 260499?
3, 71, 1223
List the prime factors of 481921.
11, 193, 227
What are the prime factors of 5368770?
2, 3, 5, 11, 17, 29
What are the prime factors of 113707?
11, 10337
List the prime factors of 1677231.
3, 157, 1187
List the prime factors of 19799031.
3, 7, 942811
List the prime factors of 960282.
2, 3, 17783
What are the prime factors of 696182?
2, 587, 593
What are the prime factors of 1214599?
17, 37, 1931
What are the prime factors of 347587?
347587
List the prime factors of 369910.
2, 5, 71, 521
List the prime factors of 6927015.
3, 5, 461801
List the prime factors of 1265135.
5, 89, 2843
What are the prime factors of 182506?
2, 91253
List the prime factors of 1296856.
2, 11, 14737
List the prime factors of 10460146.
2, 19, 71, 3877
What are the prime factors of 3246360?
2, 3, 5, 13, 2081
List the prime factors of 1394659.
7, 31, 6427
What are the prime factors of 1230553?
61, 20173
What are the prime factors of 618346?
2, 309173
List the prime factors of 161505.
3, 5, 37, 97
List the prime factors of 409693.
409693
List the prime factors of 523215.
3, 5, 7, 11, 151
What are the prime factors of 8172341?
8172341
List the prime factors of 863751.
3, 7, 41131
List the prime factors of 242729.
242729
List the prime factors of 2983406.
2, 41, 36383
What are the prime factors of 12327520?
2, 5, 77047
List the prime factors of 2100362.
2, 11, 95471
What are the prime factors of 908098?
2, 349, 1301
List the prime factors of 1615395.
3, 5, 107693
What are the prime factors of 3723041?
7, 531863
What are the prime factors of 551354?
2, 275677
What are the prime factors of 138242?
2, 13, 409
What are the prime factors of 206328?
2, 3, 8597
What are the prime factors of 5071962?
2, 3, 7, 197, 613
What are the prime factors of 282462?
2, 3, 179, 263
What are the prime factors of 113260?
2, 5, 7, 809
List the prime factors of 367813.
103, 3571
List the prime factors of 2055812.
2, 11, 46723
List the prime factors of 332832.
2, 3, 3467
What are the prime factors of 714269?
223, 3203
List the prime factors of 907827.
3, 302609
List the prime factors of 2097757.
2097757
What are the prime factors of 377334?
2, 3, 20963
What are the prime factors of 114963?
3, 38321
List the prime factors of 7071254.
2, 3535627
What are the prime factors of 174865?
5, 41, 853
What are the prime factors of 2953910?
2, 5, 89, 3319
List the prime factors of 5060613.
3, 1686871
What are the prime factors of 4735852?
2, 11, 37, 2909
List the prime factors of 20023156.
2, 23, 217643
List the prime factors of 34234.
2, 17117
List the prime factors of 2864713.
2864713
What are the prime factors of 439874?
2, 219937
List the prime factors of 4050.
2, 3, 5
List the prime factors of 1438387.
17, 211, 401
What are the prime factors of 93512?
2, 11689
What are the prime factors of 2233138?
2, 1116569
What are the prime factors of 1364172?
2, 3, 79, 1439
List the prime factors of 211369.
211369
What are the prime factors of 30115?
5, 19, 317
What are the prime factors of 667607?
17, 173, 227
What are the prime factors of 31046414?
2, 7, 29, 47, 1627
List the prime factors of 559756.
2, 139939
List the prime factors of 3219781.
3219781
List the prime factors of 7624551.
3, 11, 17, 13591
List the prime factors of 28395.
3, 5, 